{"id":11,"date":"2021-11-28T12:59:00","date_gmt":"2021-11-28T12:59:00","guid":{"rendered":"https:\/\/www.l6f.eu\/?page_id=11"},"modified":"2026-04-14T07:44:08","modified_gmt":"2026-04-14T07:44:08","slug":"rekrutacja","status":"publish","type":"page","link":"https:\/\/www.l6f.eu\/index.php\/rekrutacja\/","title":{"rendered":"Rekrutacja"},"content":{"rendered":"\n<figure class=\"wp-duotone-7a5810-fcac00-1 wp-block-image size-full\"><img decoding=\"async\" loading=\"lazy\" width=\"783\" height=\"232\" src=\"https:\/\/www.l6f.eu\/wp-content\/uploads\/2022\/02\/chmurki_2.png\" alt=\"\" class=\"wp-image-223\" srcset=\"https:\/\/www.l6f.eu\/wp-content\/uploads\/2022\/02\/chmurki_2.png 783w, https:\/\/www.l6f.eu\/wp-content\/uploads\/2022\/02\/chmurki_2-300x89.png 300w, https:\/\/www.l6f.eu\/wp-content\/uploads\/2022\/02\/chmurki_2-768x228.png 768w\" sizes=\"(max-width: 783px) 100vw, 783px\" \/><\/figure>\n\n\n\n<h2 class=\"wp-block-heading\"><a href=\"https:\/\/www.l6f.eu\/discord\" target=\"_blank\" rel=\"noreferrer noopener\">Link do naszego Discorda<\/a><\/h2>\n\n\n\n<p>Rekrutacj\u0119 mo\u017cesz zacz\u0105\u0107 od odezwania si\u0119 do rekrutera w grze albo po prostu od do\u0142\u0105czenia na nasz serwer Discord. <\/p>\n\n\n\n<p>Mo\u017cesz zosta\u0107 z nami na pr\u00f3b\u0119, zwyczajnie z nami pogada\u0107 przez jaki\u015b czas, dowiedzie\u0107 si\u0119 jak dzia\u0142amy i jak to wygl\u0105da, a nawet przej\u015b\u0107 si\u0119 na jak\u0105\u015b sesj\u0119 jako s\u0142uchacz lub nawet uczestnik, je\u015bli dogadasz si\u0119 z Mistrzem Gry. <\/p>\n\n\n\n<p>Mo\u017cesz te\u017c od razu napisa\u0107 na odpowiednim kanale naszego Discorda posta z odpowiedziami na podstawowe pytania &#8211; interesuje nas Tw\u00f3j sta\u017c w RP, jaki rodzaj RP lubisz najbardziej, czy masz ju\u017c pomys\u0142 na posta\u0107 i kiedy zazwyczaj jeste\u015b dost\u0119pny\/a. Ka\u017cdy cz\u0142onek naszej gildii b\u0119dzie mia\u0142 48h by wypowiedzie\u0107 si\u0119 pod Twoim podaniem. <\/p>\n\n\n\n<p><\/p>\n\n\n\n<p>Po akceptacji ww. tworzymy dla Ciebie konto na naszej wiki, na kt\u00f3rej w przysz\u0142o\u015bci stworzysz kart\u0119 swojej postaci i zyskujesz dost\u0119p do ca\u0142ej zawarto\u015bci naszego Discorda.<\/p>\n\n\n<div class=\"wp-block-image\">\n<figure class=\"wp-duotone-606060-fcac00-2 aligncenter size-full is-resized\"><img decoding=\"async\" loading=\"lazy\" src=\"https:\/\/www.l6f.eu\/wp-content\/uploads\/2022\/02\/chmurki_33.png\" alt=\"\" class=\"wp-image-228\" width=\"259\" height=\"100\" srcset=\"https:\/\/www.l6f.eu\/wp-content\/uploads\/2022\/02\/chmurki_33.png 517w, https:\/\/www.l6f.eu\/wp-content\/uploads\/2022\/02\/chmurki_33-300x115.png 300w\" sizes=\"(max-width: 259px) 100vw, 259px\" \/><\/figure><\/div>\n\n\n<p><\/p>\n","protected":false},"excerpt":{"rendered":"<p>Link do naszego Discorda Rekrutacj\u0119 mo\u017cesz zacz\u0105\u0107 od odezwania si\u0119 do rekrutera w grze albo po prostu od do\u0142\u0105czenia na nasz serwer Discord. Mo\u017cesz zosta\u0107 z nami na pr\u00f3b\u0119, zwyczajnie z nami pogada\u0107 przez jaki\u015b czas, dowiedzie\u0107 si\u0119 jak dzia\u0142amy i jak to wygl\u0105da, a nawet przej\u015b\u0107 si\u0119 na jak\u0105\u015b [&hellip;]<\/p>\n","protected":false},"author":1,"featured_media":0,"parent":0,"menu_order":0,"comment_status":"closed","ping_status":"closed","template":"","meta":[],"_links":{"self":[{"href":"https:\/\/www.l6f.eu\/index.php\/wp-json\/wp\/v2\/pages\/11"}],"collection":[{"href":"https:\/\/www.l6f.eu\/index.php\/wp-json\/wp\/v2\/pages"}],"about":[{"href":"https:\/\/www.l6f.eu\/index.php\/wp-json\/wp\/v2\/types\/page"}],"author":[{"embeddable":true,"href":"https:\/\/www.l6f.eu\/index.php\/wp-json\/wp\/v2\/users\/1"}],"replies":[{"embeddable":true,"href":"https:\/\/www.l6f.eu\/index.php\/wp-json\/wp\/v2\/comments?post=11"}],"version-history":[{"count":12,"href":"https:\/\/www.l6f.eu\/index.php\/wp-json\/wp\/v2\/pages\/11\/revisions"}],"predecessor-version":[{"id":526,"href":"https:\/\/www.l6f.eu\/index.php\/wp-json\/wp\/v2\/pages\/11\/revisions\/526"}],"wp:attachment":[{"href":"https:\/\/www.l6f.eu\/index.php\/wp-json\/wp\/v2\/media?parent=11"}],"curies":[{"name":"wp","href":"https:\/\/api.w.org\/{rel}","templated":true}]}}